Let n(p) = -p**2 + 91*p + 3428. Calculate n(120).
-52
Let m(v) = -2*v**3 - 162*v**2 - 314*v + 256. Calculate m(-79).
98
Let j(k) = 2473*k**2 + 4946*k + 9. What is j(-2)?
9
Let u(f) = 27*f**3 + 2*f**2 - 41*f + 79. Determine u(2).
221
Let t(w) = -70*w**2 - 3220*w + 108. What is t(-46)?
108
Let w(f) = 13*f**3 - 166*f**2 - 54*f + 195. Give w(13).
0
Let c(s) = 17*s - 621. Give c(2).
-587
Let i(z) = -2*z**3 - 193*z**2 - 781*z - 169. Determine i(-4).
-5
Let w(q) = 5309*q - 1683146. Calculate w(317).
-193
Let y(n) = -2*n**2 - 1561*n + 14321. What is y(9)?
110
Let u(b) = 873*b - 299425. Determine u(343).
14
Let b(c) = 4*c**3 + 7300*c**2 - 192498*c + 11095. Give b(-1851).
-11
Let u(h) = -8*h**3 + 85*h**2 + 14*h - 25. What is u(10)?
615
Let t(k) = -18632*k + 278946. Give t(15).
-534
Let b(n) = -14*n**3 + 1888*n**2 + 266*n + 534. Determine b(135).
-6
Let h(x) = 302*x + 371. Give h(1).
673
Let u(i) = -147494*i - 16371836. Calculate u(-111).
-2
Let a(m) = -m**3 + 91*m**2 + 7232*m - 506. Determine a(-51).
4
Let q(c) = 9*c**3 - 105*c**2 - 116*c + 929. Determine q(13).
1449
Let c(m) = 7849*m + 78499. Determine c(-10).
9
Let j(c) = 6*c**3 + c**2 - 25*c - 81. Determine j(-5).
-681
Let j(m) = -m**2 - 92*m + 356694. Give j(553).
9
Let n(s) = s**2 + 15*s + 265. Give n(-21).
391
Let m(d) = 8*d**3 + 7*d**2 + 824*d + 2471. Give m(-3).
-154
Let j(r) = 11*r**2 - 1197*r - 6192. Give j(-5).
68
Let h(x) = x**3 - 28*x**2 + 174*x - 4004. Calculate h(27).
-35
Let b(v) = v**2 + 9888*v - 178835. What is b(18)?
-527
Let x(v) = 15*v**2 + 364*v - 232. Determine x(-26).
444
Let i(k) = 1292*k - 27156. Determine i(21).
-24
Let m(f) = -f**3 + 333*f**2 + 8561*f + 2494. Determine m(357).
-5
Let t(r) = -40339*r + 3065765. Determine t(76).
1
Let z(p) = 89*p - 11597. Give z(133).
240
Let q(g) = 2*g**2 + 236643*g - 709917. Give q(3).
30
Let y(x) = 11*x**2 - 81*x - 4115. What is y(-16)?
-3
Let d(k) = 222*k + 17076. Determine d(-90).
-2904
Let j(k) = -k**2 + 1087*k + 22931. Give j(-21).
-337
Let c(r) = -6*r**2 + 1025*r + 3231. Calculate c(174).
-75
Let z(f) = -7*f**2 - 361*f - 1757. Calculate z(-48).
-557
Let o(t) = 29680*t + 237428. Determine o(-8).
-12
Let p(h) = -102*h**2 + 1685*h - 61. Give p(16).
787
Let f(o) = -1205*o - 39485. Give f(-32).
-925
Let h(r) = 6*r**3 - 10*r**2 + 226*r + 1125. Give h(-5).
-1005
Let q(c) = -410*c + 92944. Give q(227).
-126
Let x(t) = -t**3 + 70*t**2 + 284*t + 845. Give x(74).
-43
Let h(i) = -153*i + 15626. Determine h(120).
-2734
Let i(t) = -1721*t**2 + 5157*t + 16. Give i(3).
-2
Let o(t) = t**3 - 42*t**2 + 250*t + 2938. Determine o(17).
-37
Let q(l) = 72984*l + 8101228. Determine q(-111).
4
Let w(q) = -30018*q + 750426. Determine w(25).
-24
Let m(k) = 14863*k + 59425. Determine m(-4).
-27
Let d(z) = -3*z**2 - 83*z + 385. Give d(4).
5
Let m(j) = -94723*j + 94726. Calculate m(1).
3
Let u(h) = h**2 + 1361*h + 170951. What is u(-140)?
11
Let i(x) = 6*x**2 + 470*x + 11451. Give i(-37).
2275
Let x(j) = -j**2 + 10754*j + 2235438. Determine x(-204).
6
Let l(w) = -26*w + 3259. Give l(130).
-121
Let x(v) = -19*v**3 + 251*v**2 - 1393*v + 17438. Determine x(13).
5
Let l(v) = v**3 - 23*v**2 + 150038*v - 2999543. Determine l(20).
17
Let a(g) = g**3 + 46*g**2 + 500*g - 63. Determine a(-19).
184
Let z(s) = -2329*s + 48905. Determine z(21).
-4
Let x(c) = -3*c**2 + 716*c + 623. Give x(0).
623
Let q(u) = -531*u**2 - 18588*u - 45. Give q(-35).
60
Let j(x) = -878*x + 22909. Determine j(26).
81
Let q(n) = -383*n - 28727. Give q(-75).
-2
Let t(q) = -2*q**2 - 2438*q - 9718. Determine t(-4).
2
Let k(u) = 906*u**2 - 27443*u + 7889. What is k(30)?
-1
Let d(m) = m**2 - 1458*m + 35819. Calculate d(25).
-6
Let d(j) = j**3 - 31*j**2 + 264*j + 42. Calculate d(12).
474
Let k(l) = -7262*l + 2614310. Give k(360).
-10
Let p(g) = 203*g**3 + 1018*g**2 + 192*g + 926. Determine p(-5).
41
Let w(h) = 11*h**2 - 1875*h + 79699. Determine w(81).
-5
Let n(r) = 52900*r - 581931. What is n(11)?
-31
Let d(p) = -p**3 - 12*p**2 - 145*p - 1125. What is d(-8)?
-221
Let q(s) = 58*s**3 + s**2 + 28*s - 210. Calculate q(4).
3630
Let c(q) = 990*q + 274912. Give c(-278).
-308
Let q(y) = 992*y + 4269. Determine q(-5).
-691
Let h(a) = 42*a**3 + 2*a**2 - 50*a - 225. Determine h(-4).
-2681
Let t(n) = -40*n**2 + 106*n + 427. Give t(-4).
-637
Let x(g) = -2*g**2 + 133*g - 2002. Calculate x(23).
-1
Let d(g) = 141*g**3 - 1554*g**2 + 26*g + 62. Calculate d(11).
-15
Let j(u) = u**3 - 307*u**2 - 3605*u + 34014. What is j(318)?
-12
Let w(g) = -131*g**2 + 696*g - 7. Determine w(6).
-547
Let d(o) = -1393*o - 15403. Give d(-10).
-1473
Let c(b) = -b**2 - 141*b - 1664. Give c(-128).
0
Let z(a) = 317*a - 2252. Determine z(7).
-33
Let p(s) = -s**2 - 2484*s + 749623. Determine p(272).
-9
Let x(j) = 13*j**2 + 472*j + 134. Calculate x(-36).
-10
Let i(x) = 17*x**2 + 289*x - 653. Calculate i(-19).
-7
Let p(r) = 4*r**2 - 12039*r - 24076. Determine p(-2).
18
Let z(v) = 106*v**3 - 4*v**2 + 260*v - 257. Give z(1).
105
Let t(q) = -54*q**2 + 6102*q + 27. Give t(113).
27
Let g(l) = 191*l**2 + 1544*l - 3660. What is g(-10)?
0
Let t(r) = -4*r**3 - 2997*r**2 - 6568*r + 115795. Calculate t(-747).
10
Let z(f) = -f**3 - 400*f**2 - 2732*f - 104. Calculate z(-7).
-237
Let d(i) = -i**3 - 210*i**2 - 1013*i - 168083. Determine d(-209).
-47
Let d(f) = 6*f**2 + 1292*f - 1891270. What is d(464)?
-6
Let m(w) = -640*w - 7095. Determine m(-11).
-55
Let u(b) = -10*b**2 + 288*b - 15. Determine u(6).
1353
Let v(c) = 74*c + 3476. Determine v(-47).
-2
Let r(y) = 10*y**2 - 757*y - 141. Determine r(72).
-2805
Let r(n) = 1766*n + 52300. Determine r(-30).
-680
Let s(x) = -107*x**2 - 6854*x - 365. Determine s(-64).
19
Let q(a) = 19*a**3 - 366*a**2 + 121*a - 458. Give q(19).
36
Let w(b) = 10650*b + 2950168. Give w(-277).
118
Let r(s) = 21446*s + 364357. Determine r(-17).
-225
Let b(w) = -w**3 + 17*w**2 + 55*w + 1135. What is b(22)?
-75
Let k(i) = 2*i**3 - 137*i**2 - 120*i + 3463. Determine k(69).
-56
Let v(r) = -2*r**2 - 62235*r - 248907. Give v(-4).
1
Let o(i) = -i**3 + 307*i**2 + 1301*i - 17758. Determine o(311).
-31
Let s(d) = 285*d - 2784. Calculate s(10).
66
Let v(w) = 4*w**3 + 11*w**2 - 2*w + 1048. Determine v(0).
1048
Let y(j) = 189*j + 5846. What is y(-31)?
-13
Let s(m) = -6*m**2 - 228*m - 1048. Calculate s(-32).
104
Let f(c) = c**3 - 24*c**2 - 23*c + 137. Determine f(2).
3
Let g(k) = 550*k - 35741. Determine g(65).
9
Let k(t) = -2*t**3 + 143*t**2 - 1652*t - 68. Determine k(57).
-11
Let d(x) = -2*x**3 - 16*x**2 + 63*x - 105. Calculate d(4).
-237
Let z(m) = 6*m**2 + 404*m + 4781. What is z(-15)?
71
Let v(m) = m**3 + 67*m**2 - 1513*m - 305. Give v(18).
1
Let t(n) = -2689*n**2 + 115649*n - 970. What is t(43)?
-24
Let k(i) = 8007*i + 56056. Give k(-7).
7
Let w(b) = 299*b + 75082. What is w(-252)?
-266
Let w(s) = -128842*s - 128921. What is w(-1)?
-79
Let f(n) = -n**3 + 53*n**2 + 104*n + 65. What is f(55)?
-265
Let p(a) = -10*a**2 + 4850*a - 24273. Calculate p(5).
-273
Let c(g) = -g**2 + 9267*g - 120238. What is c(13)?
64
Let y(l) = l**2 - 1727*l + 106472. Give y(64).
40
Let a(m) = -1286*m - 55275. Calculate a(-43).
23
Let h(s) = 5770*s - 98385. Calculate h(17).
-295
Let j(v) = -v**2 + 16318*v - 228211. Calculate j(14).
45
Let i(h) = 2248*h - 6824. Give i(3).
-80
Let x(a) = -2182*a - 28323. Determine x(-13).
43
Let w(z) = -11*z**2 + 273*z + 1547. Give w(-6).
-487
Let f(q) = -22*q + 5442. What is f(150)?
2142
Let c(b) = -4*b**3 - 43*b**2 - 53*b - 4. What is c(-9)?
-94
Let p(x) = 674*x - 23163. What is p(33)?
-921
Let s(w) = 16842*w - 202066. What is s(12)?
38
Let o(s) = -1305*s + 431931. Determine o(331).
-24
Let h(a) = -a**2 - 816*a + 250866. Give h(238).
14
Let b(c) = 872205*c - 5233218. Determine b(6).
12
Let i(c) = 2393*c + 17514. Determine i(-7).
763
Let i(p) = -p**2 - 2601*p + 197948. Give i(74).
-2
Let q(h) = -3*h**3 - 983*h**2 + 255*h - 23879. What is q(-328)?
65
Let z(s) = s**3 - 49*s**2 - 33*s - 900. Calculate z(50).
-50
Let i(r) = r**3 - 40*r**2 + 668*r - 26791. Calculate i(40).
-71
Let z(c) = 375259*c + 750526. Determine z(-2).
8
Let q(o) = -o**3 + 129*o**2 + 1068*o + 3703. What is q(137)?
-133
Let i(w) = -110*w**2 + 543*w + 252. What is i(5)?
217
Let o(x) = -x**3 + 202*x**2 + 14*x - 2781. Determine o(202).
47
Let w(x) = -4*x**3 - 3*x**2 - 718*x + 2957. Det